{"id":317,"date":"2018-10-13T17:49:38","date_gmt":"2018-10-13T17:49:38","guid":{"rendered":"https:\/\/promo-theme.com\/spool\/?page_id=317"},"modified":"2021-08-10T11:01:15","modified_gmt":"2021-08-10T11:01:15","slug":"strona-glowna","status":"publish","type":"page","link":"https:\/\/mattkulig.com\/","title":{"rendered":"Mateusz Kulig | cinematographer &#038; editor"},"content":{"rendered":"<section class=\"wpb-content-wrapper\"><p>[vc_row full_width=&#8221;stretch_row_content_no_spaces&#8221;][vc_column]<div class=\"full-screen-area fc-area-5bc38eb22109d slide-title-on\"><div class=\"fc-navigation\"><ul><\/ul><\/div><div class=\"fc-wrap\"><div class=\"fc-item \" style=\"\"><div class=\"slide-h\"><div>SHOWREEEL<\/div><\/div><div class=\"bg-line\" style=\"left: 50%;\"><\/div><div class=\"cell cell-container middle\"><div class=\"container-fluid no-padding\"><div class=\"banner-area banner-5bc38f291c6f8 navigation-bottom autoplay-false num-on video-autoplay\"><div class=\"banner \" style=\"\"><div class=\"item banner-item-69e2171011ebf bottom inherit video-area\"><div class=\"blur-bg\" style=\"background-image: url(https:\/\/mattkulig.com\/wp-content\/uploads\/2020\/11\/pierwsza-klatka.png);\"><\/div><div class=\"overlay\"><\/div><div class=\"container-fluid\"><div class=\"cell\"><div class=\"slide-bg\" style=\"background-image: url(https:\/\/mattkulig.com\/wp-content\/uploads\/2020\/11\/pierwsza-klatka.png);\"><div class=\"video-block\"><video class=\"video\" playsinline muted loop src=\"https:\/\/mattkulig.com\/wp-content\/uploads\/2021\/08\/Mateusz-Kulig-showreel_full_hd.mp4\" type=\"video\/mp4\" preload=\"none\"><\/video><\/div><div class=\"video-buttons bottom-left\">\n                                  <div class=\"container-fluid\">\n                                      <div id=\"mute\" class=\"mute fa fa-volume-off\"><i class=\"fa fa-volume-up\"><\/i><\/div>\n                                      <div id=\"pause\" class=\"pause fa fa-pause\"><i class=\"fa fa-play\"><\/i><\/div>\n                                  <\/div>\n                              <\/div><\/div><div class=\"content\"><div class=\"num\"><\/div><\/div><\/div><div class=\"link-area\"><a href=\"https:\/\/www.youtube.com\/watch?v=neabsVrSJJE\" class=\"button-style1\" title=\"Zobacz showreel\" target=\"_self\"><span>Zobacz showreel<\/span> <i class=\"solid-arrow-collection-right-arrow\"><\/i><\/a><\/div><\/div><\/div><\/div><div class=\"nav\"><div class=\"container-fluid\"><div id=\"customNav-banner-5bc38f291c6f8\" class=\"owl-nav\"><\/div><div id=\"customDots-banner-5bc38f291c6f8\" class=\"owl-dots\"><\/div><\/div><\/div><\/div><\/div><\/div><\/div><div class=\"fc-item \" style=\"\"><div class=\"slide-h\"><div>o mnie<\/div><\/div><div class=\"bg-line\" style=\"left: 43%;\"><\/div><div class=\"cell cell-container middle\"><div class=\"container\">[vc_row_inner equal_height=&#8221;yes&#8221; content_placement=&#8221;middle&#8221; gap=&#8221;35&#8243;][vc_column_inner width=&#8221;1\/2&#8243; offset=&#8221;vc_col-md-7&#8243;]<div class=\"pt-special-heading pt-special-heading-5bc396f08b431 tal  vc_custom_1608668601589\"><h6 class=\"sub-heading\">Cze\u015b\u0107!<\/h6><h6 class=\"heading fw-300\">Nazywam si\u0119 Mateusz Kulig i jestem operatorem oraz monta\u017cyst\u0105 video z Krakowa.<\/h6><\/div>[vc_column_text]<span style=\"font-weight: 400; font-size: 12pt;\">Oferuj\u0119 szeroki zakres us\u0142ug zwi\u0105zanych z produkcj\u0105 filmow\u0105: od preprodukcji i dopracowania koncepcji nagra\u0144 z klientem, poprzez realizacj\u0119 zdj\u0119\u0107, na monta\u017cu ko\u0144cz\u0105c.\u00a0<\/span><\/p>\n<p><span style=\"font-weight: 400; font-size: 12pt;\">Specjalizuj\u0119 si\u0119 w kr\u00f3tkich i dynamicznych formach. Dzi\u0119ki wykorzystaniu si\u0142y video w social media i ci\u0105g\u0142ej obserwacji najnowszych trend\u00f3w na rynku tworz\u0119 profesjonalne filmy skupiaj\u0105ce uwag\u0119 widz\u00f3w. Moja przygoda z filmem rozpocz\u0119\u0142a si\u0119 kilka lat temu, kiedy z pasji do motoryzacji tworzy\u0142em moje pierwsze filmowe prezentacje samochod\u00f3w.<\/span><\/p>\n<p><span style=\"font-weight: 400; font-size: 12pt;\">Wykonywa\u0142em projekty dla takich marek jak: Enea, LIV Polska, Massey Ferguson Polska, La Rose. Czym si\u0119 zajmuj\u0119?<\/span>[\/vc_column_text]<div class=\"icon-box row icon-box-69e2171012513 style1\"><div class=\"icon-box-item icon-box-item-69e21710125bc style1 col-xs-12 col-sm-12 col-md-6 col-lg-6\"><div class=\"wrap\"><div class=\"icon filled-cinema-video-camera\"><\/div><div class=\"content\"><h5 class=\"h\">Relacje z wydarze\u0144<\/h5><div class=\"desc\">Filmy z event\u00f3w i konferencji to obecnie najpopularniejsze narz\u0119dzie marketingowe. Twoje wydarzenie zas\u0142uguje na rozg\u0142os w social media, a odpowiednio zrobiony film pozwoli uzyska\u0107 wi\u0119cej uczestnik\u00f3w podczas kolejnej edycji eventu.<\/div><\/div><a href=\"#\" target=\"_self\"><\/a><\/div><\/div><div class=\"icon-box-item icon-box-item-69e2171012630 style1 col-xs-12 col-sm-12 col-md-6 col-lg-6\"><div class=\"wrap\"><div class=\"icon filled-cinema-television\"><\/div><div class=\"content\"><h5 class=\"h\">Video produktowe<\/h5><div class=\"desc\">Chcesz pokaza\u0107 swoj\u0105 mark\u0119 lub produkt w formie kr\u00f3tkiego spotu lub pe\u0142nej prezentacji? Video produktowe idealnie dope\u0142ni tekstow\u0105 ofert\u0119 sklepu. W postaci animowanych napis\u00f3w mo\u017cemy wymieni\u0107 najwa\u017cniejsze cechy produkt\u00f3w.<\/div><\/div><a href=\"#\" target=\"_self\"><\/a><\/div><\/div><div class=\"icon-box-item icon-box-item-69e2171012687 style1 col-xs-12 col-sm-12 col-md-6 col-lg-6\"><div class=\"wrap\"><div class=\"icon fas fa-podcast\"><\/div><div class=\"content\"><h5 class=\"h\">Transmisje live<\/h5><div class=\"desc\">Streaming na \u017cywo pozwoli Ci zaanga\u017cowa\u0107 publiczno\u015b\u0107, kt\u00f3ra ogl\u0105da wydarzenie z dowolnego miejsca. Pomog\u0119 Ci zebra\u0107 odpowiedni zesp\u00f3\u0142 operator\u00f3w i realizator\u00f3w do stworzenia nawet tych najbardziej wymagaj\u0105cych realizacji.<\/div><\/div><a href=\"#\" target=\"_self\"><\/a><\/div><\/div><div class=\"icon-box-item icon-box-item-69e21710126fb style1 col-xs-12 col-sm-12 col-md-6 col-lg-6\"><div class=\"wrap\"><div class=\"icon fas fa-lightbulb\"><\/div><div class=\"content\"><h5 class=\"h\">Filmy korporacyjne<\/h5><div class=\"desc\">Film korporacyjny to najlepszy spos\u00f3b na zbudowanie pozycji Twojej dzia\u0142alno\u015bci na rynku. Niewa\u017cne, czy jest on skierowany do klient\u00f3w b\u0105d\u017a kandydat\u00f3w na pracownik\u00f3w - w obu przypadkach to skuteczne narz\u0119dzie, kt\u00f3re poka\u017ce zar\u00f3wno histori\u0119, proces powstawania produktu jak i osi\u0105gni\u0119cia firmy.<\/div><\/div><a href=\"#\" target=\"_self\"><\/a><\/div><\/div><\/div>[\/vc_column_inner][vc_column_inner el_class=&#8221;side-img&#8221; width=&#8221;1\/2&#8243; offset=&#8221;vc_col-md-5&#8243; css=&#8221;.vc_custom_1542163641185{padding-bottom: 100% !important;background-image: url(http:\/\/mattkulig.com\/wp-content\/uploads\/2020\/11\/about-me-img.jpg) !important;background-position: center !important;background-repeat: no-repeat !important;background-size: cover !important;}&#8221;][\/vc_column_inner][\/vc_row_inner]<\/div><\/div><\/div><div class=\"fc-item \" style=\"\"><div class=\"slide-h\"><div>portfolio<\/div><\/div><div class=\"cell cell-container middle\"><div class=\"container-fluid no-padding\"><div class=\"full-screen-portfolio portfolio-5bcaf8aa0ad8a\"><div class=\"fs-bg\" style=\"background-image: url(https:\/\/mattkulig.com\/wp-content\/uploads\/2021\/06\/maxresdefault.jpg);\" data-video=\"https:\/\/www.youtube.com\/watch?v=hNJZuAmEbc8\" data-video-type=\"youtube\"><div class=\"video-block\"><div class=\"video\" webkit-playsinline=\"true\" playsinline=\"true\" data-quality=\"1080p\" data-muted=\"true\" data-type=\"youtube\" data-id=\"hNJZuAmEbc8\"><\/div><\/div><\/div><div class=\"bg-line\"><\/div><div class=\"cell-container\"><div class=\"container\"><div class=\"filter-button-group tal\"><div class=\"wrap\"><button data-filter=\"*\" class=\"active\">All<\/button><button data-filter=\".category-inne\">INNE<\/button><button data-filter=\".category-relacje-z-wydarzen\">RELACJE Z WYDARZE\u0143<\/button><button data-filter=\".category-video-produktowe\">VIDEO PRODUKTOWE<\/button><\/div><\/div><div class=\"fs-content\"><div class=\"wrap\"><h3 class=\"heading\"><a href=\"https:\/\/mattkulig.com\/index.php\/project\/wave-lashes-noble-lahes\/\">Wave Lashes - Noble Lahes<\/a><\/h3><div class=\"description\">\nPremiera spotu reklamowego nowego produktu w mediach spo\u0142eczno\u015bciowych. Kompleksowa realizacja spotu reklamowego dla najwi\u0119kszego polskiego producenta sztucznych rz\u0119...<\/div><div class=\"bottom share-off vote-off\"><div class=\"zilla-likes\" id=\"zilla-likes-1266\"><a href=\"#\" class=\"like permalink\"><i class=\"admin-ui-like-filled-hand\"><\/i> <span>0<\/span><\/a><a href=\"#\" class=\"dislike permalink\"><i class=\"admin-ui-thumb-down-social-filled-gesture\"><\/i> <span>0<\/span><\/a><\/div><div class=\"share-buttons\" data-uniqid=\"69e21710136f8\" data-links='[[\"fa fa-facebook-square\", \"facebook\", \"http:\/\/www.facebook.com\/sharer.php?u=https:\/\/mattkulig.com\/index.php\/project\/wave-lashes-noble-lahes\/\"],[\"fa fa-pinterest-square\", \"pinterest\", \"http:\/\/pinterest.com\/pin\/create\/button\/?url=https:\/\/mattkulig.com\/index.php\/project\/wave-lashes-noble-lahes\/\"],[\"fa fa-google-plus-square\", \"google plus\", \"https:\/\/plus.google.com\/share?url=https:\/\/mattkulig.com\/index.php\/project\/wave-lashes-noble-lahes\/\"],[\"fa fa-tumblr-square\", \"tumblr\", \"https:\/\/www.tumblr.com\/widgets\/share\/tool?canonicalUrl=https:\/\/mattkulig.com\/index.php\/project\/wave-lashes-noble-lahes\/&title=Wave Lashes &#8211; Noble Lahes\"],[\"fa fa-twitter-square\", \"twitter\", \"https:\/\/twitter.com\/intent\/tweet?url=https:\/\/mattkulig.com\/index.php\/project\/wave-lashes-noble-lahes\/\"]]' data-link=\"https:\/\/mattkulig.com\/index.php\/project\/wave-lashes-noble-lahes\/\" data-title=\"Share\"><i class=\"admin-ui-share\"><\/i> <span>Share<\/span><\/div><\/div><\/div><a href=\"#\" class=\"fs-play-button single-popup-item\" data-type=\"video\" data-size=\"960x640\" data-video='<div class=\"wrapper\"><div class=\"video-wrapper\"><iframe class=\"pswp__video\" width=\"1920\" height=\"1080\" src=\"https:\/\/youtube.com\/embed\/hNJZuAmEbc8?rel=0&#038;showinfo=0\" frameborder=\"0\" allowfullscreen=\"\"><\/iframe><\/div><\/div>'><i class=\"admin-ui-play-filled-triangle-button-of-right-arrow\"><\/i><\/a><\/div><h5 class=\"slider-heading\">Up next<\/h5><div class=\"fs-portfolio \"><article class=\"fs-portfolio-item item category-video-produktowe image-center\" data-id=\"1266\"><div class=\"wrap\"><div class=\"duration\">00:31<\/div><div class=\"a-img\"><div style=\"background-image: url(https:\/\/mattkulig.com\/wp-content\/uploads\/2021\/06\/maxresdefault-768x514.jpg);\"><\/div><\/div><h6><span class=\"cell\"><span>Wave Lashes - Noble Lahes<\/span><\/span><\/h6><\/div><\/article><article class=\"fs-portfolio-item item category-video-produktowe image-center\" data-id=\"1337\"><div class=\"wrap\"><div class=\"duration\">02:25<\/div><div class=\"a-img\"><div style=\"background-image: url(https:\/\/mattkulig.com\/wp-content\/uploads\/2021\/10\/maxresdefault-768x432.jpg);\"><\/div><\/div><h6><span class=\"cell\"><span>Revolution X Maffashion<\/span><\/span><\/h6><\/div><\/article><article class=\"fs-portfolio-item item category-relacje-z-wydarzen image-center\" data-id=\"1372\"><div class=\"wrap\"><div class=\"duration\">04:14<\/div><div class=\"a-img\"><div style=\"background-image: url(https:\/\/mattkulig.com\/wp-content\/uploads\/2021\/02\/obraz_2022-10-16_151512742-768x367.png);\"><\/div><\/div><h6><span class=\"cell\"><span>Turbacz Summer Trail 2022<\/span><\/span><\/h6><\/div><\/article><article class=\"fs-portfolio-item item category-relacje-z-wydarzen image-center\" data-id=\"1392\"><div class=\"wrap\"><div class=\"duration\">08:23<\/div><div class=\"a-img\"><div style=\"background-image: url(https:\/\/mattkulig.com\/wp-content\/uploads\/2022\/10\/obraz_2022-10-16_152136777-768x432.png);\"><\/div><\/div><h6><span class=\"cell\"><span>Shotsu Drift Weekend 2022<\/span><\/span><\/h6><\/div><\/article><article class=\"fs-portfolio-item item category-inne image-center\" data-id=\"1248\"><div class=\"wrap\"><div class=\"duration\">01:53<\/div><div class=\"a-img\"><div style=\"background-image: url(https:\/\/mattkulig.com\/wp-content\/uploads\/2021\/02\/malinowy-768x432.png);\"><\/div><\/div><h6><span class=\"cell\"><span>Malinowy Anio\u0142 - film promocyjny<\/span><\/span><\/h6><\/div><\/article><article class=\"fs-portfolio-item item category-inne image-center\" data-id=\"244\"><div class=\"wrap\"><div class=\"duration\">01:55<\/div><div class=\"a-img\"><div style=\"background-image: url(https:\/\/mattkulig.com\/wp-content\/uploads\/2018\/05\/shiro-768x432.jpg);\"><\/div><\/div><h6><span class=\"cell\"><span>Shiro Detailing Brzesko<\/span><\/span><\/h6><\/div><\/article><article class=\"fs-portfolio-item item category-video-produktowe image-center\" data-id=\"242\"><div class=\"wrap\"><div class=\"duration\">00:15<\/div><div class=\"a-img\"><div style=\"background-image: url(https:\/\/mattkulig.com\/wp-content\/uploads\/2018\/05\/larose_2-768x432.png);\"><\/div><\/div><h6><span class=\"cell\"><span>La Rose - spot \u201cdwie strony La Rose\u201d<\/span><\/span><\/h6><\/div><\/article><article class=\"fs-portfolio-item item category-inne image-center\" data-id=\"1397\"><div class=\"wrap\"><div class=\"duration\">10:48<\/div><div class=\"a-img\"><div style=\"background-image: url(https:\/\/mattkulig.com\/wp-content\/uploads\/2022\/10\/obraz_2022-10-16_183523429-768x432.png);\"><\/div><\/div><h6><span class=\"cell\"><span>Stylistka Warta Nobla - Laminacja brwi krok po kroku<\/span><\/span><\/h6><\/div><\/article><article class=\"fs-portfolio-item item category-inne image-center\" data-id=\"1242\"><div class=\"wrap\"><div class=\"duration\">02:05<\/div><div class=\"a-img\"><div style=\"background-image: url(https:\/\/mattkulig.com\/wp-content\/uploads\/2021\/02\/vlcsnap-2021-02-03-17h52m57s066-768x432.png);\"><\/div><\/div><h6><span class=\"cell\"><span>Homeland - penthouse Grzeg\u00f3rzki<\/span><\/span><\/h6><\/div><\/article><article class=\"fs-portfolio-item item category-relacje-z-wydarzen image-center\" data-id=\"1257\"><div class=\"wrap\"><div class=\"duration\">02:23<\/div><div class=\"a-img\"><div style=\"background-image: url(https:\/\/mattkulig.com\/wp-content\/uploads\/2021\/03\/vlcsnap-2021-03-31-14h15m29s742-768x432.jpg);\"><\/div><\/div><h6><span class=\"cell\"><span>Motostacja.pl - I runda VTEC Cup Poland Ford vs Honda trackday<\/span><\/span><\/h6><\/div><\/article><article class=\"fs-portfolio-item item category-video-produktowe image-center\" data-id=\"241\"><div class=\"wrap\"><div class=\"duration\">00:31<\/div><div class=\"a-img\"><div style=\"background-image: url(https:\/\/mattkulig.com\/wp-content\/uploads\/2018\/05\/massey-1-768x432.png);\"><\/div><\/div><h6><span class=\"cell\"><span>Massey Ferguson MF 8730 S - prezentacja<\/span><\/span><\/h6><\/div><\/article><article class=\"fs-portfolio-item item category-inne image-center\" data-id=\"1027\"><div class=\"wrap\"><div class=\"duration\">07:53<\/div><div class=\"a-img\"><div style=\"background-image: url(https:\/\/mattkulig.com\/wp-content\/uploads\/2020\/11\/po-mocnej-stronie-768x432.jpg);\"><\/div><\/div><h6><span class=\"cell\"><span>Po Mocnej Stronie - Stelmet Enea BC Zielona G\u00f3ra<\/span><\/span><\/h6><\/div><\/article><article class=\"fs-portfolio-item item category-relacje-z-wydarzen image-center\" data-id=\"246\"><div class=\"wrap\"><div class=\"duration\">07:00<\/div><div class=\"a-img\"><div style=\"background-image: url(https:\/\/mattkulig.com\/wp-content\/uploads\/2018\/05\/hercules-768x432.jpg);\"><\/div><\/div><h6><span class=\"cell\"><span>Hercules Tour 2019 Aftermovie<\/span><\/span><\/h6><\/div><\/article><article class=\"fs-portfolio-item item category-video-produktowe image-center\" data-id=\"1174\"><div class=\"wrap\"><div class=\"duration\">00:49<\/div><div class=\"a-img\"><div style=\"background-image: url(https:\/\/mattkulig.com\/wp-content\/uploads\/2018\/05\/wolniak-768x432.png);\"><\/div><\/div><h6><span class=\"cell\"><span>Si\u0142a, mi\u0119\u015bnie, motywacja! Piotr Wolniak - TEAM BIOGENIX<\/span><\/span><\/h6><\/div><\/article><article class=\"fs-portfolio-item item category-video-produktowe image-center\" data-id=\"243\"><div class=\"wrap\"><div class=\"duration\">00:15<\/div><div class=\"a-img\"><div style=\"background-image: url(https:\/\/mattkulig.com\/wp-content\/uploads\/2018\/05\/larose-768x432.png);\"><\/div><\/div><h6><span class=\"cell\"><span>La Rose - spot reklamowy<\/span><\/span><\/h6><\/div><\/article><article class=\"fs-portfolio-item item category-relacje-z-wydarzen image-center\" data-id=\"240\"><div class=\"wrap\"><div class=\"duration\">02:13<\/div><div class=\"a-img\"><div style=\"background-image: url(https:\/\/mattkulig.com\/wp-content\/uploads\/2018\/05\/malopolskie-obchody-768x432.jpg);\"><\/div><\/div><h6><span class=\"cell\"><span>Ma\u0142opolskie Obchody \u015awiatowego dnia Turystyki 2019<\/span><\/span><\/h6><\/div><\/article><article class=\"fs-portfolio-item item category-video-produktowe image-center\" data-id=\"239\"><div class=\"wrap\"><div class=\"duration\">04:49<\/div><div class=\"a-img\"><div style=\"background-image: url(https:\/\/mattkulig.com\/wp-content\/uploads\/2018\/05\/liv-768x432.jpg);\"><\/div><\/div><h6><span class=\"cell\"><span>LIV - Czy warto gra\u0107 fair play?<\/span><\/span><\/h6><\/div><\/article><article class=\"fs-portfolio-item item category-relacje-z-wydarzen image-center\" data-id=\"238\"><div class=\"wrap\"><div class=\"duration\">44:08<\/div><div class=\"a-img\"><div style=\"background-image: url(https:\/\/mattkulig.com\/wp-content\/uploads\/2018\/05\/czego-przedsieborca-768x432.jpg);\"><\/div><\/div><h6><span class=\"cell\"><span>Czego przedsi\u0119biorca mo\u017ce nauczy\u0107 si\u0119 od artysty?  - Rahim Blak<\/span><\/span><\/h6><\/div><\/article><\/div><div class=\"cache-items hide\"><\/div><\/div><\/div><div class=\"loading-container\"><i class=\"admin-ui-circles-loader\"><\/i><\/div><\/div><\/div><\/div><\/div><div class=\"fc-item \" style=\"\"><div class=\"slide-h\"><div>skontaktuj si\u0119<\/div><\/div><div class=\"bg-line\" style=\"left: 40%;\"><\/div><div class=\"cell cell-container middle\"><div class=\"container\">[vc_row_inner gap=&#8221;30&#8243;][vc_column_inner width=&#8221;1\/3&#8243;]<div class=\"pt-special-heading pt-special-heading-5bcb25d178f75 tal  vc_custom_1604947296004\"><h3 class=\"heading\">Skontaktuj si\u0119 ze mn\u0105<\/h3><\/div><div class=\"contact-row \"><i class=\"admin-ui-telephone-auricular\"><\/i><div class=\"content\"><span>Telefon:<\/span>601632068<\/div><\/div><div class=\"contact-row \"><i class=\"admin-ui-new-email-filled-closed-envelope-back\"><\/i><div class=\"content\"><span>E-mail:<\/span>hello@mattkulig.com<\/div><\/div>[\/vc_column_inner][vc_column_inner width=&#8221;1\/3&#8243;][vc_column_text]<span style=\"font-weight: 400;\">Jeste\u015b zainteresowany wsp\u00f3\u0142prac\u0105? Skontaktuj si\u0119 w sprawie oferty!<\/span><\/p>\n<p><span style=\"font-weight: 400;\">Przygotuj\u0119 dla Ciebie indywidualn\u0105 wycen\u0119 skrojon\u0105 na miar\u0119 Twoich oczekiwa\u0144 i potrzeb biznesowych.<\/span>[\/vc_column_text]<div role=\"form\" class=\"wpcf7\" id=\"wpcf7-f688-o1\" lang=\"en-US\" dir=\"ltr\">\n<div class=\"screen-reader-response\"><p role=\"status\" aria-live=\"polite\" aria-atomic=\"true\"><\/p> <ul><\/ul><\/div>\n<form action=\"\/index.php\/wp-json\/wp\/v2\/pages\/317#wpcf7-f688-o1\" method=\"post\" class=\"wpcf7-form init\" novalidate=\"novalidate\" data-status=\"init\">\n<div style=\"display: none;\">\n<input type=\"hidden\" name=\"_wpcf7\" value=\"688\" \/>\n<input type=\"hidden\" name=\"_wpcf7_version\" value=\"5.6.3\" \/>\n<input type=\"hidden\" name=\"_wpcf7_locale\" value=\"en_US\" \/>\n<input type=\"hidden\" name=\"_wpcf7_unit_tag\" value=\"wpcf7-f688-o1\" \/>\n<input type=\"hidden\" name=\"_wpcf7_container_post\" value=\"0\" \/>\n<input type=\"hidden\" name=\"_wpcf7_posted_data_hash\" value=\"\" \/>\n<\/div>\n<div class=\"contact-form row\">\n<div class=\"col-xs-12 col-sm-6\">\n<div class=\"input-row-s1\"><span class=\"wpcf7-form-control-wrap\" data-name=\"your-name\"><input type=\"text\" name=\"your-name\" value=\"\" size=\"40\" class=\"wpcf7-form-control wpcf7-text wpcf7-validates-as-required style1\" aria-required=\"true\" aria-invalid=\"false\" placeholder=\"IMI\u0118\" \/><\/span><\/div>\n<\/div>\n<div class=\"col-xs-12 col-sm-6\">\n<div class=\"input-row-s1\"><span class=\"wpcf7-form-control-wrap\" data-name=\"your-email\"><input type=\"text\" name=\"your-email\" value=\"\" size=\"40\" class=\"wpcf7-form-control wpcf7-text wpcf7-validates-as-required style1\" aria-required=\"true\" aria-invalid=\"false\" placeholder=\"TW\u00d3J E-MAIL\" \/><\/span><\/div>\n<\/div>\n<div class=\"col-xs-12\">\n<div class=\"input-row-s1\"><span class=\"wpcf7-form-control-wrap\" data-name=\"your-message\"><input type=\"text\" name=\"your-message\" value=\"\" size=\"40\" class=\"wpcf7-form-control wpcf7-text wpcf7-validates-as-required style1\" aria-required=\"true\" aria-invalid=\"false\" placeholder=\"WIADOMO\u015a\u0106\" \/><\/span><\/div>\n<\/div>\n<div class=\"col-xs-12\"><button type=\"submit\" class=\"wpcf7-form-control wpcf7-submit button-style1\"><span>wy\u015blij<\/span><i class=\"solid-arrow-collection-right-arrow\"><\/i><\/button><\/div>\n<\/div>\n<div class=\"wpcf7-response-output\" aria-hidden=\"true\"><\/div><\/form><\/div>[\/vc_column_inner][vc_column_inner width=&#8221;1\/3&#8243;][\/vc_column_inner][\/vc_row_inner]<\/div><\/div><\/div><\/div><\/div>[\/vc_column][\/vc_row]<\/p>\n<\/section>","protected":false},"excerpt":{"rendered":"<p>[vc_row full_width=&#8221;stretch_row_content_no_spaces&#8221;][vc_column][\/vc_column][\/vc_row]<\/p>\n","protected":false},"author":1,"featured_media":0,"parent":0,"menu_order":0,"comment_status":"closed","ping_status":"closed","template":"template-landing.php","meta":[],"acf":[],"_links":{"self":[{"href":"https:\/\/mattkulig.com\/index.php\/wp-json\/wp\/v2\/pages\/317"}],"collection":[{"href":"https:\/\/mattkulig.com\/index.php\/wp-json\/wp\/v2\/pages"}],"about":[{"href":"https:\/\/mattkulig.com\/index.php\/wp-json\/wp\/v2\/types\/page"}],"author":[{"embeddable":true,"href":"https:\/\/mattkulig.com\/index.php\/wp-json\/wp\/v2\/users\/1"}],"replies":[{"embeddable":true,"href":"https:\/\/mattkulig.com\/index.php\/wp-json\/wp\/v2\/comments?post=317"}],"version-history":[{"count":6,"href":"https:\/\/mattkulig.com\/index.php\/wp-json\/wp\/v2\/pages\/317\/revisions"}],"predecessor-version":[{"id":1288,"href":"https:\/\/mattkulig.com\/index.php\/wp-json\/wp\/v2\/pages\/317\/revisions\/1288"}],"wp:attachment":[{"href":"https:\/\/mattkulig.com\/index.php\/wp-json\/wp\/v2\/media?parent=317"}],"curies":[{"name":"wp","href":"https:\/\/api.w.org\/{rel}","templated":true}]}}