{"id":1157,"date":"2020-11-19T21:26:07","date_gmt":"2020-11-19T21:26:07","guid":{"rendered":"http:\/\/mattkulig.com\/?page_id=1157"},"modified":"2020-11-19T21:31:17","modified_gmt":"2020-11-19T21:31:17","slug":"o-mnie","status":"publish","type":"page","link":"https:\/\/mattkulig.com\/index.php\/o-mnie\/","title":{"rendered":"O MNIE | Mateusz Kulig | cinematographer &#038; editor"},"content":{"rendered":"<section class=\"wpb-content-wrapper\"><p>[vc_row full_width=&#8221;stretch_row_content_no_spaces&#8221;][vc_column]<div class=\"full-screen-area fc-area-5bc38eb22109d slide-title-on\"><div class=\"fc-navigation\"><ul><\/ul><\/div><div class=\"fc-wrap\"><div class=\"fc-item \" style=\"\"><div class=\"slide-h\"><div>o mnie<\/div><\/div><div class=\"bg-line\" style=\"left: 43%;\"><\/div><div class=\"cell cell-container middle\"><div class=\"container\">[vc_row_inner equal_height=&#8221;yes&#8221; content_placement=&#8221;middle&#8221; gap=&#8221;35&#8243;][vc_column_inner width=&#8221;1\/2&#8243; offset=&#8221;vc_col-md-7&#8243;]<div class=\"pt-special-heading pt-special-heading-5bc396f08b431 tal  vc_custom_1604953462391\"><h6 class=\"sub-heading\">Cze\u015b\u0107!<\/h6><h3 class=\"heading\">Nazywam si\u0119 Mateusz Kulig i jestem operatorem oraz monta\u017cyst\u0105 video z Krakowa.<\/h3><\/div>[vc_column_text]<span style=\"font-weight: 400; font-size: 10pt;\">Oferuj\u0119 szeroki zakres us\u0142ug zwi\u0105zanych z produkcj\u0105 filmow\u0105: od preprodukcji i dopracowania koncepcji nagra\u0144 z klientem, poprzez realizacj\u0119 zdj\u0119\u0107, na monta\u017cu ko\u0144cz\u0105c.\u00a0<\/span><\/p>\n<p><span style=\"font-weight: 400; font-size: 10pt;\">Specjalizuj\u0119 si\u0119 w kr\u00f3tkich i dynamicznych formach. Dzi\u0119ki wykorzystaniu si\u0142y video w social media i ci\u0105g\u0142ej obserwacji najnowszych trend\u00f3w na rynku tworz\u0119 profesjonalne filmy wzbudzaj\u0105ce uwag\u0119 widz\u00f3w. Moja przygoda z filmem rozpocz\u0119\u0142a si\u0119 kilka lat temu, kiedy z pasji do motoryzacji tworzy\u0142em moje pierwsze filmowe prezentacje samochod\u00f3w.<\/span><\/p>\n<p><span style=\"font-weight: 400; font-size: 10pt;\">Wykonywa\u0142em projekty dla takich marek jak: Enea, LIV Polska, Massey Ferguson Polska, La Rose. Czym si\u0119 zajmuj\u0119?<\/span>[\/vc_column_text]<div class=\"icon-box row icon-box-69eb1452f15a3 style1\"><div class=\"icon-box-item icon-box-item-69eb1452f1602 style1 col-xs-12 col-sm-12 col-md-6 col-lg-6\"><div class=\"wrap\"><div class=\"icon filled-cinema-video-camera-1\"><\/div><div class=\"content\"><h5 class=\"h\">Relacje z wydarze\u0144<\/h5><div class=\"desc\">Filmy z event\u00f3w i konferencji to obecnie najpopularniejsze narz\u0119dzie marketingowe. Twoje wydarzenie zas\u0142uguje na rozg\u0142os w social media, a odpowiednio zrobiony film pozwoli uzyska\u0107 wi\u0119cej uczestnik\u00f3w podczas kolejnej edycji eventu.<\/div><\/div><a href=\"#\" target=\"_self\"><\/a><\/div><\/div><div class=\"icon-box-item icon-box-item-69eb1452f1662 style1 col-xs-12 col-sm-12 col-md-6 col-lg-6\"><div class=\"wrap\"><div class=\"icon filled-cinema-shutter\"><\/div><div class=\"content\"><h5 class=\"h\">Video produktowe<\/h5><div class=\"desc\">Chcesz pokaza\u0107 swoj\u0105 mark\u0119 lub produkt w formie kr\u00f3tkiego spotu lub pe\u0142nej prezentacji? Video produktowe idealnie dope\u0142ni tekstow\u0105 ofert\u0119 sklepu. W postaci animowanych napis\u00f3w mo\u017cemy wymieni\u0107 najwa\u017cniejsze cechy produkt\u00f3w.<\/div><\/div><a href=\"#\" target=\"_self\"><\/a><\/div><\/div><div class=\"icon-box-item icon-box-item-69eb1452f1694 style1 col-xs-12 col-sm-12 col-md-6 col-lg-6\"><div class=\"wrap\"><div class=\"icon filled-cinema-microphone\"><\/div><div class=\"content\"><h5 class=\"h\">Transmisje live<\/h5><div class=\"desc\">Streaming na \u017cywo pozwoli Ci zaanga\u017cowa\u0107 publiczno\u015b\u0107, kt\u00f3ra ogl\u0105da wydarzenie z dowolnego miejsca. Pomog\u0119 Ci zebra\u0107 odpowiedni zesp\u00f3\u0142 operator\u00f3w i realizator\u00f3w do stworzenia nawet tych najbardziej wymagaj\u0105cych realizacji.<\/div><\/div><a href=\"#\" target=\"_self\"><\/a><\/div><\/div><div class=\"icon-box-item icon-box-item-69eb1452f16c0 style1 col-xs-12 col-sm-12 col-md-6 col-lg-6\"><div class=\"wrap\"><div class=\"icon filled-cinema-countdown\"><\/div><div class=\"content\"><h5 class=\"h\">Filmy korporacyjne<\/h5><div class=\"desc\">Film korporacyjny to najlepszy spos\u00f3b na zbudowanie pozycji Twojej dzia\u0142alno\u015bci na rynku. Niewa\u017cne, czy jest on skierowany do klient\u00f3w b\u0105d\u017a kandydat\u00f3w na pracownik\u00f3w - w obu przypadkach to skuteczne narz\u0119dzie, kt\u00f3re poka\u017ce zar\u00f3wno histori\u0119, proces powstawania produktu jak i osi\u0105gni\u0119cia firmy.<\/div><\/div><a href=\"#\" target=\"_self\"><\/a><\/div><\/div><\/div>[\/vc_column_inner][vc_column_inner el_class=&#8221;side-img&#8221; width=&#8221;1\/2&#8243; offset=&#8221;vc_col-md-5&#8243; css=&#8221;.vc_custom_1542163641185{padding-bottom: 100% !important;background-image: url(http:\/\/mattkulig.com\/wp-content\/uploads\/2020\/11\/about-me-img.jpg) !important;background-position: center !important;background-repeat: no-repeat !important;background-size: cover !important;}&#8221;][\/vc_column_inner][\/vc_row_inner]<\/div><\/div><\/div><\/div><\/div>[\/vc_column][\/vc_row]<\/p>\n<\/section>","protected":false},"excerpt":{"rendered":"<p>[vc_row full_width=&#8221;stretch_row_content_no_spaces&#8221;][vc_column][\/vc_column][\/vc_row]<\/p>\n","protected":false},"author":1,"featured_media":0,"parent":0,"menu_order":0,"comment_status":"closed","ping_status":"closed","template":"template-landing.php","meta":[],"acf":[],"_links":{"self":[{"href":"https:\/\/mattkulig.com\/index.php\/wp-json\/wp\/v2\/pages\/1157"}],"collection":[{"href":"https:\/\/mattkulig.com\/index.php\/wp-json\/wp\/v2\/pages"}],"about":[{"href":"https:\/\/mattkulig.com\/index.php\/wp-json\/wp\/v2\/types\/page"}],"author":[{"embeddable":true,"href":"https:\/\/mattkulig.com\/index.php\/wp-json\/wp\/v2\/users\/1"}],"replies":[{"embeddable":true,"href":"https:\/\/mattkulig.com\/index.php\/wp-json\/wp\/v2\/comments?post=1157"}],"version-history":[{"count":0,"href":"https:\/\/mattkulig.com\/index.php\/wp-json\/wp\/v2\/pages\/1157\/revisions"}],"wp:attachment":[{"href":"https:\/\/mattkulig.com\/index.php\/wp-json\/wp\/v2\/media?parent=1157"}],"curies":[{"name":"wp","href":"https:\/\/api.w.org\/{rel}","templated":true}]}}