{"id":1372,"date":"2021-02-16T12:57:14","date_gmt":"2021-02-16T12:57:14","guid":{"rendered":"https:\/\/mattkulig.com\/?post_type=fw-portfolio&#038;p=1372"},"modified":"2022-10-16T13:15:21","modified_gmt":"2022-10-16T13:15:21","slug":"turbacz-summer-trail-2022","status":"publish","type":"fw-portfolio","link":"https:\/\/mattkulig.com\/index.php\/project\/turbacz-summer-trail-2022\/","title":{"rendered":"Turbacz Summer Trail 2022"},"content":{"rendered":"\n<p><span style=\"font-size: revert; color: initial;\">Fil<\/span>mowa relacja z g\u00f3rskiego biegu po najwy\u017cszym szczycie Gorc\u00f3w.<\/p>\n\n\n\n<p><\/p>\n\n\n\n<p><strong>Moja rola w projekcie: zdj\u0119cia, monta\u017c, postprodukcja<\/strong><\/p>\n","protected":false},"featured_media":1391,"template":"","acf":[],"_links":{"self":[{"href":"https:\/\/mattkulig.com\/index.php\/wp-json\/wp\/v2\/fw-portfolio\/1372"}],"collection":[{"href":"https:\/\/mattkulig.com\/index.php\/wp-json\/wp\/v2\/fw-portfolio"}],"about":[{"href":"https:\/\/mattkulig.com\/index.php\/wp-json\/wp\/v2\/types\/fw-portfolio"}],"version-history":[{"count":15,"href":"https:\/\/mattkulig.com\/index.php\/wp-json\/wp\/v2\/fw-portfolio\/1372\/revisions"}],"predecessor-version":[{"id":1390,"href":"https:\/\/mattkulig.com\/index.php\/wp-json\/wp\/v2\/fw-portfolio\/1372\/revisions\/1390"}],"wp:featuredmedia":[{"embeddable":true,"href":"https:\/\/mattkulig.com\/index.php\/wp-json\/wp\/v2\/media\/1391"}],"wp:attachment":[{"href":"https:\/\/mattkulig.com\/index.php\/wp-json\/wp\/v2\/media?parent=1372"}],"curies":[{"name":"wp","href":"https:\/\/api.w.org\/{rel}","templated":true}]}}

<p><span style="font-size: revert; color: initial;">Fil</span>mowa relacja z górskiego biegu po najwyższym szczycie Gorców.</p>



<p></p>



<p><strong>Moja rola w projekcie: zdjęcia, montaż, postprodukcja</strong></p>
